 composite number?
False
Let d(p) = -p - 1. Let u(a) = a**3 + 7*a**2 + 3*a - 5. Let z(k) = 2*d(k) + u(k). Is z(-6) a composite number?
False
Let j = 4017 - 2216. Is j a prime number?
True
Let j = -103 + 1077. Is j/10 - 6/15 prime?
True
Let l(b) = 9*b + 17. Is l(18) a prime number?
True
Let y(n) = -n**3 + 5*n**2 + 9*n - 7. Let h be y(6). Let g = 21 - h. Is g a composite number?
True
Is (-2274)/4*(-4)/6 a composite number?
False
Suppose 4*y + 0*y = 484. Suppose 3*j - y = 17. Is j a prime number?
False
Let o(a) = -632*a - 1. Is o(-1) a prime number?
True
Let j be 24/(-11) + 16/88. Suppose -7*a = -3*a. Is 87*(-1 - j - a) a prime number?
False
Is 30/(-24)*2*9436/(-10) prime?
False
Let x be 0/(3/(-9)*3). Suppose -5*c + 4*n + 46 = x, -4*c + 22 = -2*c + 2*n. Is c a composite number?
True
Let h be 2/4 + (-1)/2. Suppose 3*y + 2*y - 635 = h. Is y prime?
True
Let o(h) = -24*h**3 - h**2 - 2*h + 4. Is o(-3) prime?
False
Let t = 8 + -5. Suppose -t*m + 268 = m. Is m a prime number?
True
Let s = -1129 - -5330. Is s prime?
True
Let j = -236 + 397. Is j prime?
False
Suppose -4*y - 4*d - 100 = 0, -3*d = y - 0*d + 33. Let a be (-3459)/y - (-2)/7. Let c = -82 + a. Is c a prime number?
True
Let c = -228 + 625. Is c composite?
False
Suppose 5*b + 12 + 18 = 0. Let p = b - -19. Is p a prime number?
True
Let i = 7856 - 4209. Is i composite?
True
Let c = 276 + -145. Is c a composite number?
False
Let t = -117 - -164. Is t prime?
True
Let i(k) be the second derivative of k**4/12 + 19*k**2/2 + 2*k. Is i(0) a prime number?
True
Let m(h) be the third derivative of -17*h**6/60 - h**5/60 + h**2. Let q(g) = g**3 + 3*g**2 + g + 2. Let v be q(-3). Is m(v) a prime number?
False
Let l(f) = -14*f**2 - 13*f - 12. Let r be l(-8). Is ((r/3)/2)/(-2) a composite number?
False
Let d be 441/14 + (-2)/4. Suppose k = -k. Let o = k + d. Is o composite?
False
Let g(r) = 6*r**2 + r - 7. Let a(m) = 6*m**2 + m - 6. Let t(z) = 3*a(z) - 2*g(z). Is t(3) a composite number?
False
Suppose 3*w + 208 = 877. Is w a composite number?
False
Is (2307 - -12)/(6/4) composite?
True
Let w(j) = -j**3 + 4*j**2 - j - 1. Let m be w(3). Suppose 0 = -2*g + m*g + 216. Let x = -47 - g. Is x a prime number?
False
Is 75 - (-8)/(-2 - -4) a composite number?
False
Let s = 1884 - 499. Is s composite?
True
Suppose -v = -4*y + 34, -3*y + v + 2*v + 30 = 0. Let j(h) = h**2 - 17. Let s be j(0). Let b = y - s. Is b a composite number?
True
Is (-3)/(-2)*-1*(-5748)/18 composite?
False
Let h = -3 + 13. Suppose n - 3*r = -h, 4*r = 4*n + r + 4. Suppose 0 = i + n*p - 43, i - 5*p = -3*i + 224. Is i prime?
False
Suppose 0 = 4*p - 2*p - 48. Let t = 34 - p. Is t a composite number?
True
Let c = 7 + 3. Let l = -6 + 2. Is 4 + l + c/1 composite?
True
Let v(y) = 67*y + 1. Is v(10) a prime number?
False
Suppose -6*z + 18 = -6. Suppose -1155 = -5*m + w + 1630, -z*m - 4*w + 2228 = 0. Is m a composite number?
False
Let o = 89 - -102. Is o composite?
False
Let c be 3/(-9)*(0 - 6). Suppose 0 = -4*y - z + 17, -c*y + 4*z + 8 = y. Is y a composite number?
True
Let i = 2 + 0. Suppose 4*m - 94 = i*m. Is m a composite number?
False
Suppose 5*z - 5*n = -205, -176 = 4*z + 4*n - 2*n. Let t = z + 77. Is t a prime number?
False
Let j = -4 + 6. Suppose 2*a - 124 = -j*a. Is a composite?
False
Let b(u) = -u + 1. Let s = 1 - 1. Let a be b(s). Let m = a - -30. Is m a composite number?
False
Suppose -d - 9 = a, 0 = -d + 4*a + 5 + 11. Let b = 7 + d. Suppose 0 = b*z - z - 46. Is z composite?
False
Suppose 3*c = 2*c + 79. Is c a composite number?
False
Suppose 2*a - 2 = 4. Suppose 0 = -4*b + 2*g + 4, -a*b + 0*b + 4*g - 7 = 0. Is b a prime number?
True
Let o = 2 + 2. Suppose 2*s = 5*g - 9 - 1, -s - 2*g = -o. Suppose s = 2*j - 0 - 10, -a + j = -62. Is a a composite number?
False
Let p = -15 - -18. Suppose p*y - 9 = 0, -4*r - 4*y + 5*y = -137. Is r a prime number?
False
Let l be (-4 + 1 - -1)/(-1). Let m = 1 + l. Suppose 0 = m*u + 104 - 341. Is u a prime number?
True
Suppose -2*s + 5*k + 5 = 0, 3*s + 14 = 5*s - 2*k. Let i be s/3 - 8/(-12). Suppose -i*p - 4*v + 208 = -356, 2*v = -4*p + 560. Is p a composite number?
False
Let t = 71 + 50. Let x = 428 - t. Is x a composite number?
False
Suppose 0 = 3*k - 278 - 235. Let m(o) = o**3 + 15*o**2 + 14*o + 4. Let a be m(-14). Suppose a*c = 607 - k. Is c prime?
True
Let k = -2310 + 3933. Is k a prime number?
False
Let q(n) = 59*n**2 + 2*n + 1. Suppose -3*l - 8 = -2. Let d(s) = s**2 + 4*s + 3. Let o be d(l). Is q(o) a prime number?
False
Let m = -247 + 546. Is m composite?
True
Let a(h) = 13*h**2 - 4 - 8*h**2 - h + 4*h**3 - 2*h - 3*h**3. Is a(-5) prime?
True
Let w(x) be the first derivative of 9*x**4/2 + x**3/6 + 4*x + 2. Let j(q) be the first derivative of w(q). Is j(-1) a composite number?
False
Let m be -5 - -2635 - (1 + -1). Is 2/(-3) + m/30 composite?
True
Let y = 10 - 4. Suppose y*k - 530 = k. Is k a composite number?
True
Suppose 2*d = 5*v - 62, -3 = -d + 1. Let h = v - 4. Is h a prime number?
False
Suppose 4*h + 4*j = 10728, -3*h - 2930 + 10982 = -3*j. Is h composite?
False
Suppose -4*v + 9*v = -10. Let y be (v/(-4)*10)/1. Suppose y*j - 94 = -h, 0 = j - 0*h - 2*h - 21. Is j a composite number?
False
Let l(v) = v**2 - 3*v + 5. Let k be l(4). Suppose -k = b - 40. Is b a composite number?
False
Suppose -4*a = -7 - 5. Let u = a + 1. Suppose 258 = -q + u*q. Is q prime?
False
Suppose -6*s - 2532 = -3*s. Let y = 1197 + s. Is y prime?
True
Suppose -5*d - 1 = -21. Let b(t) = t**2 - 3*t + 3. Is b(d) a composite number?
False
Let u = -5 + 5. Suppose u = 9*l - 4*l. Is (13 - (2 - l)) + 0 prime?
True
Suppose 5*n + 4*m + 1055 = 0, 0*n + 633 = -3*n - 2*m. Let u = 360 + n. Is u prime?
True
Suppose -2*x + 0*d + 4*d + 20 = 0, -2*x - 3*d - 1 = 0. Suppose -x*m - 3*z + 1573 = -0*z, 5*m + 2*z - 1975 = 0. Is m composite?
False
Let i = -3 + 11. Suppose -2 = -w + i. Suppose 0 = -5*b + w, 2*b + 79 + 102 = 5*s. Is s a prime number?
True
Suppose -7 = -5*f + 8. Let s(a) = a**3 + 4. Is s(f) a prime number?
True
Suppose 5*l + 20 = -5*k, -2*k - 4*l = 1 + 9. Let x be (1 - -1)/(k/(-12)). Let w = x + 17. Is w a composite number?
True
Let i be 0 - (-2 - 0)/(-2). Is (-33)/i*(-3)/(-9) composite?
False
Let i = 339 + -102. Is i a composite number?
True
Is 2 + (0 - 1) - -486 prime?
True
Let s = 15 - -12. Suppose -5*t + 5 = 0, b = 5*t + s + 181. Is b composite?
True
Let k be ((-2)/(-3))/(4/912). Suppose -2*l - l - d + k = 0, -2*d - 39 = -l. Is l a composite number?
True
Let b(x) = 3 - x**2 - 42*x + 2*x**2 + 39*x. Suppose -24 = 6*u - 2*u. Is b(u) composite?
True
Let p(t) = -15*t + 8. Let n be p(-7). Let b be -2 + 0 - (-75 - -1). Suppose -b = -5*a + n. Is a prime?
True
Suppose -5*w - 10 = 5, 5*w = 5*m - 60. Let x(c) be the third derivative of c**6/120 - 7*c**5/60 - c**4/24 + 5*c**3/3 + c**2. Is x(m) a prime number?
True
Suppose 0 = -4*d + n + 1002, 0*d - 5*n = -5*d + 1245. Is d prime?
True
Suppose -4*z - 16 = 0, 5*s = s + 5*z + 32. Let g(o) = 3*o**3 - o**2 - 2*o + 1. Let y(v) = 3*v**3 - v + 1. Let q(x) = s*y(x) - 2*g(x). Is q(2) composite?
True
Let t = 714 + -305. Is t prime?
True
Suppose -3*j = -1 + 4. Suppose 0*k = -2*k + w + 3, -w - 6 = k. Is (((-381)/j)/(-3))/k a composite number?
False
Suppose 2*y + 408 = 1426. Is y a composite number?
False
Suppose 756 = -u + 4*u. Let n(t) = 31*t + 13. Let i be n(-6). Let b = u + i. Is b composite?
False
Let c = 4 + -2. Suppose d = -c*x - 2*d + 110, -5*x - d + 275 = 0. Is x a prime number?
False
Suppose -4*h + 3*y + 7 = 0, h - 2*h + y + 2 = 0. Let q = h - -2. Suppose -5*o + 382 = 4*m - 1137, 0 = o - q*m - 319. Is o composite?
False
Suppose -4*q = -c - 359, -q + 76 = -c - 10. Is q composite?
True
Let u = 229 - 74. Is u a prime number?
False
Let o = -10 + 1. Let i = 62 + o. Is i composite?
False
Let j(v) = -v**3 - 2*v**2 - v - 2. Let h be j(-2). Suppose 2*m = m - 4*w + 293, -3*m - 3*w + 879 = h. Is m prime?
True
Let l = 4 - 5. Let t be l/2 - 225/(-6). Suppose h + 4*y = -3*h + 180, -5*y = h - t. Is h a composite number?
False
Let d(a) = 94*a**2 - 15*a + 12. Is d(7) prime?
True
Suppose -2*v + 40 = -90. Suppose -10 = -5*g + v. Is 99/g + 6/(-10) composite?
True
Let z = -315 - -786. Is z composite?
True
Let k be ((-32)/(-24))/(2/(-12)). Is ((-62)/k)/((-9)/(-396)) a prime number?
False
Let m(f) = -f**3 - f**2 + 2*f + 6. Let q(r) = 6*